{"id":13,"date":"2016-05-31T22:42:13","date_gmt":"2016-05-31T20:42:13","guid":{"rendered":"http:\/\/zlgenossenschaft.org\/?page_id=13"},"modified":"2024-11-16T14:52:36","modified_gmt":"2024-11-16T13:52:36","slug":"kontakt","status":"publish","type":"page","link":"https:\/\/zlgenossenschaft.org\/?page_id=13","title":{"rendered":"Kontakt"},"content":{"rendered":"<p>ZusammenLeben eG<br \/>\nD\u00f6litzer Str. 26<br \/>\n04277 Leipzig<br \/>\n<a href=\"http:\/\/www.zlgenossenschaft.org\">www.zlgenossenschaft.org<\/a><\/p>\n<p>Anfragen f\u00fcr den Veranstaltungsraum bitte an <a href=\"mailto:laden@zlgenossenschaft.org\">laden [at] zlgenossenschaft [punkt] org<\/a>.<\/p>\n<p>Name und Anschrift des zust\u00e4ndigen Pr\u00fcfungsverbandes: Pr\u00fcfungsverband der kleinen und mittelst\u00e4ndischen Genossenschaften e. V., Boxhagener Stra\u00dfe 76-78, 10245 Berlin<\/p>\n","protected":false},"excerpt":{"rendered":"<p>ZusammenLeben eG D\u00f6litzer Str. 26 04277 Leipzig www.zlgenossenschaft.org Anfragen f\u00fcr den Veranstaltungsraum bitte an laden [at] zlgenossenschaft [punkt] org. Name und Anschrift des zust\u00e4ndigen Pr\u00fcfungsverbandes: Pr\u00fcfungsverband der kleinen und mittelst\u00e4ndischen Genossenschaften e. V., Boxhagener Stra\u00dfe 76-78, 10245 Berlin<\/p>\n","protected":false},"author":1,"featured_media":0,"parent":0,"menu_order":4,"comment_status":"closed","ping_status":"closed","template":"","meta":{"footnotes":""},"class_list":["post-13","page","type-page","status-publish","hentry","post-preview"],"_links":{"self":[{"href":"https:\/\/zlgenossenschaft.org\/index.php?rest_route=\/wp\/v2\/pages\/13","targetHints":{"allow":["GET"]}}],"collection":[{"href":"https:\/\/zlgenossenschaft.org\/index.php?rest_route=\/wp\/v2\/pages"}],"about":[{"href":"https:\/\/zlgenossenschaft.org\/index.php?rest_route=\/wp\/v2\/types\/page"}],"author":[{"embeddable":true,"href":"https:\/\/zlgenossenschaft.org\/index.php?rest_route=\/wp\/v2\/users\/1"}],"replies":[{"embeddable":true,"href":"https:\/\/zlgenossenschaft.org\/index.php?rest_route=%2Fwp%2Fv2%2Fcomments&post=13"}],"version-history":[{"count":10,"href":"https:\/\/zlgenossenschaft.org\/index.php?rest_route=\/wp\/v2\/pages\/13\/revisions"}],"predecessor-version":[{"id":86,"href":"https:\/\/zlgenossenschaft.org\/index.php?rest_route=\/wp\/v2\/pages\/13\/revisions\/86"}],"wp:attachment":[{"href":"https:\/\/zlgenossenschaft.org\/index.php?rest_route=%2Fwp%2Fv2%2Fmedia&parent=13"}],"curies":[{"name":"wp","href":"https:\/\/api.w.org\/{rel}","templated":true}]}}